rt -404104401 (base 5) to base 13.
-450458
What is 6552503 (base 7) in base 14?
16c83a
Convert -30233422 (base 6) to base 16.
-d1f96
Convert 24ab21 (base 14) to base 4.
10303112321
7903843 (base 11) to base 2
110100110110101010100010
101001110110111100 (base 2) to base 4
221312330
31240012 (base 6) to base 9
1632408
Convert 5cbe7 (base 15) to base 11.
19269a
101519 (base 10) to base 8
306217
d23738 (base 14) to base 12
245421a
Convert 1748780 (base 9) to base 2.
11101110101001011011
Convert -11415244 (base 8) to base 9.
-4625443
What is -159ec (base 15) in base 9?
-115606
What is -5034110 (base 6) in base 12?
-b5936
Convert -36198 (base 11) to base 12.
-26209
What is 136a8a (base 12) in base 2?
1001110110110001010
Convert 2041040 (base 5) to base 15.
a09a
Convert 121020001021 (base 3) to base 14.
8453a
-101242 (base 5) to base 13
-1687
2150453 (base 6) to base 9
173716
319564 (base 14) to base 7
20155054
Convert -27510 (base 16) to base 6.
-3241320
What is 538360 (base 9) in base 14?
85009
Convert -715630 (base 8) to base 3.
-110000100001
Convert -85358 (base 10) to base 15.
-1a458
40161 (base 13) to base 6
2242020
Convert -1126638 (base 12) to base 3.
-20012000200122
Convert 11111010101101101111101 (base 2) to base 16.
7d5b7d
Convert -209854 (base 11) to base 9.
-560612
What is 10110101010001000101 (base 2) in base 9?
1351425
Convert 27644a (base 13) to base 3.
1210120222110
Convert -16663243 (base 7) to base 12.
-674557
What is -601073 (base 8) in base 10?
-197179
-311230122 (base 4) to base 6
-4414110
1391084 (base 12) to base 5
2000432212
-182620 (base 10) to base 4
-230211130
What is -21222112 (base 6) in base 14?
-123b76
Convert -287488 (base 10) to base 5.
-33144423
-3743634 (base 8) to base 11
-646a68
-142420 (base 8) to base 11
-349a2
a5587 (base 15) to base 16
80059
What is 1012010011200 (base 3) in base 13?
191985
What is 10031421 (base 5) in base 10?
80236
Convert 3431000 (base 5) to base 6.
1152051
2273137 (base 8) to base 10
620127
Convert 138298 (base 11) to base 5.
23402341
Convert -33c401 (base 15) to base 5.
-1113041101
What is -102321020 (base 4) in base 11?
-5315a
Convert -3634b33 (base 12) to base 6.
-1013303303
-2062361 (base 7) to base 3
-110201201202
-200200222221211 (base 3) to base 5
-10021034013
-6267863 (base 11) to base 15
-e83e98
What is -87b338 (base 15) in base 9?
-13146328
Convert -10010000101001101 (base 2) to base 13.
-27930
Convert 10011011220 (base 3) to base 9.
104156
What is -1601212 (base 10) in base 16?
-186ebc
-311122400 (base 6) to base 4
-110200212000
What is -55a08 (base 14) in base 9?
-346003
-411623 (base 11) to base 7
-5421621
3d1d7 (base 16) to base 7
2061550
Convert -745 (base 11) to base 2.
-1110000000
What is 101110001000111010111 (base 2) in base 4?
11301013113
Convert 15142563 (base 7) to base 4.
11133113013
Convert 2112100020211 (base 3) to base 10.
1345189
Convert 111011001011111 (base 2) to base 4.
13121133
-5433146 (base 10) to base 7
-64116035
Convert -33130312211 (base 4) to base 7.
-46266401
Convert 140612 (base 11) to base 5.
24022404
Convert -23112 (base 5) to base 3.
-2021101
10401324 (base 5) to base 9
147542
Convert 11365555 (base 7) to base 4.
3312012103
Convert -26629 (base 10) to base 3.
-1100112021
37760 (base 10) to base 8
111600
Convert 60060571 (base 8) to base 6.
1130121425
What is -11411641 (base 7) in base 2?
-11110110111100011111
49589 (base 12) to base 6
2043453
What is -44254410 (base 8) in base 15?
-c82592
5624a9 (base 11) to base 2
11011010110101101110
What is -55b27 (base 16) in base 8?
-1255447
-1020330220 (base 4) to base 7
-2353054
What is -2202121101022 (base 3) in base 4?
-11212201010
What is -1000003331 (base 4) in base 13?
-92585
What is -331112420 (base 5) in base 6?
-50321441
3557106 (base 8) to base 16
ede46
-5478446 (base 10) to base 7
-64365101
4140410 (base 5) to base 11
47298
-2333d (base 16) to base 3
-21022210100
3274457 (base 8) to base 13
24bba5
What is 2541522 (base 8) in base 10?
705362
What is 161840 (base 9) in base 5?
11143303
What is 95429a (base 11) in base 4?
11311020103
47567 (base 13) to base 2
11111110111111001
1833b (base 14) to base 4
32321101
What is 14543356 (base 9) in base 7?
115322412
Convert 123446 (base 8) to base 7.
235516
Convert -236755 (base 12) to base 13.
-170072
-1326056 (base 9) to base 6
-23321423
11100211120 (base 3) to base 15
1a6bc
Convert 433262 (base 7) to base 2.
10010011101010010
What is 10161 (base 12) in base 11?
14819
Convert bd179 (base 16) to base 15.
10474b
What is 138a25 (base 11) in base 2?
110100111100011011
Convert -111653214 (base 7) to base 2.
-11010000001000010001010
What is -b33a96 (base 15) in base 5?
-4140030031
Convert -20331343 (base 6) to base 3.
-1002211211000
What is 13232212 (base 5) in base 16?
20938
Convert -10bcc7 (base 15) to base 10.
-799387
Convert -234110310 (base 5) to base 4.
-10020021203
What is -16662343 (base 8) in base 5?
-1444024301
Convert -486050 (base 9) to base 2.
-1000111100011101111
214012163 (base 7) to base 8
60734452
What is -1743828 (base 11) in base 16?
-2d3429
Convert b617a (base 12) to base 14.
62dc2
Convert -48395b (base 12) to base 5.
-244332032
41020233 (base 5) to base 6
11021111
Convert 78325 (base 9) to base 4.
30230321
What is 21101201220210 (base 3) in base 15?
529d0c
-520b4 (base 12) to base 7
-624514
-1222130333 (base 4) to base 8
-1523477
-57961 (base 10) to base 7
-330661
222012212 (base 3) to base 6
224252
What is 47998 (base 10) in base 2?
1011101101111110
What is -220303200 (base 4) in base 16?
-28ce0
What is -2443303 (base 6) in base 13?
-47448
What is 34706515 (base 8) in base 10?
7572813
Convert -7420724 (base 8) to base 11.
-1129719
What is -200140340 (base 5) in base 9?
-1428461
What is 4037782 (base 9) in base 15?
2c75cb
Convert 15634a (base 12) to base 7.
3042250
-30150653 (base 7) to base 11
-1458131
Convert 2c2da4 (base 15) to base 5.
1021323304
-17112224 (base 8) to base 16
-3c9494
Convert -10a91 (base 13) to base 9.
-45583
-6633602 (base 7) to base 4
-3013002200
41120221 (base 5) to base 16
51311
2d367 (base 15) to base 3
21102010121
1407983 (base 11) to base 13
66c477
What is 2100000021 (base 3) in base 16?
b36e
-1130303320 (base 4) to base 10
-380152
Convert 10040133 (base 5) to base 8.
235434
Convert -101110110010010000000111 (base 2) to base 9.
-25062602
-1052341 (base 7) to base 9
-218027
123233132 (base 4) to base 9
182775
Convert -35551 (base 9) to base 14.
-8947
What is -2312222102 (base 4) in base 12?
-300b82
604283 (base 9) to base 8
1272107
-1614325 (base 7) to base 15
-45d8a
Convert e8edc (base 15) to base 6.
23501443
Convert 110505251 (base 6) to base 10.
1999615
What is 13031320101 (base 4) in base 6?
104314333
Convert 2635715 (base 9) to base 8.
5376475
-16e0e0 (base 15) to base 7
-12303600
-7222b (base 13) to base 12
-9a560
What is -10255407 (base 8) in base 10?
-2185991
15010326 (base 8) to base 3
20102100122010
-66267 (base 12) to base 3
-20212101121
-100010011011110 (base 2) to base 15
-5355
Convert 120303021320 (base 4) to base 10.
6500984
Convert -341101101 (base 5) to base 4.
-11233000230
What is -cabc4 (base 13) in base 16?
-59881
2a19d (base 14) to base 15
20edc
What is 468a235 (base 11) in base 14?
1130352
What is -1000010011101101 (base 2) in base 9?
-51610
173077 (base 12) to base 5
100234014
f0659 (base 16) to base 9
1760632
What is 1101101111010101 (base 2) in base 9?
85170
127598 (base 14) to base 11
3a4083
Convert -320022 (base 8) to base 11.
-73031
What is 4322b (base 14) in base 8?
475027
Convert -8ccc6 (base 14) to base 8.
-1235376
Convert b559 (base 16) to base 8.
132531
1001111222111 (base 3) to base 16
890a4
-1000101111100100100 (base 2) to base 4
-1011330210
Convert 223300 (base 11) to base 9.
601876
What is 3120203 (base 5) in base 12?
25833
Convert 125433220 (base 6) to base 3.
11201110000010
Convert -29c027 (base 13) to base 11.
-640967
What is -228ac5 (base 15) in base 6?
-55204135
Convert -10325277 (base 8) to base 9.
-4132544
-c0eb5a (base 16) to base 5
-11214040122
What is -1206038 (base 11) in base 7?
-23602243
What is -45507 (base 9) in base 2?
-111011001011101
1250355 (base 6) to base 5
4200311
What is -18085 (base 12) in base 14?
-c8bb
Convert 25101 (base 10) to base 2.
1100010000011